5 = 3*h. Let b = 27 - 7. Calculate the greatest common divisor of b and a.
10
Suppose o - 5 - 4 = 0. Let j = o + -1. What is the greatest common factor of j and 72?
8
Let m be ((-1)/(-2))/(1/2). Suppose -30*n - 8*n = -190. Calculate the greatest common divisor of m and n.
1
Let w = 133 + -12. What is the highest common divisor of 11 and w?
11
Let p be ((-22)/8)/(3/12). Let a be (-2)/(-4)*(-1 - p). Let o be ((-20)/12)/((-1)/27). What is the greatest common factor of a and o?
5
Let v(x) = -10*x - 15. Suppose 5*r - 5 = 0, -4*m + 5*r - 42 = 7. Let i be v(m). What is the highest common divisor of 19 and i?
19
Let x = -57 + 68. Let o be (-2)/7 - (-237)/21. Calculate the greatest common divisor of x and o.
11
Suppose 3*b + q = 50, -3*b + 20 = -b - 2*q. What is the greatest common divisor of b and 135?
15
Suppose 36*w + 420 = 42*w. What is the greatest common divisor of 10 and w?
10
Suppose -5*c + 42 = -4*c. Let t = c + -9. What is the highest common factor of t and 22?
11
Let g(x) = x**2 - x + 66. Let q be g(0). Let k = 135 - 129. Calculate the greatest common factor of k and q.
6
Suppose 3*h = -4*s + 25, 0 = 4*h - 4*s - 3 + 7. Suppose h*n = -0*n + 216. What is the highest common factor of n and 18?
18
Let a be (3 + -2)/(1/2). Suppose 0 = -a*f - l + 8, -3*f - 2*l = -11. Let r be (-129)/(-15) - (-2)/f. Calculate the greatest common divisor of r and 6.
3
Let b be 0/((-2)/4*-2). Let d(y) = -18*y**3 + 2*y**2 + 5*y + 2. Let p be d(-2). Suppose -4*c = -b*c - p. What is the highest common divisor of 9 and c?
9
Suppose -b = -2*b + 12. Calculate the highest common factor of b and 48.
12
Suppose -2*f - 2*j + 0*j = -6, f - 4*j + 2 = 0. Suppose -4*l - f*d + 279 = -d, d + 351 = 5*l. Calculate the greatest common divisor of 14 and l.
14
Suppose 3*i + 3*b + 3 = 0, 3*b + 23 = i + i. Let f = 100 + -59. Let a = f - 21. What is the greatest common divisor of i and a?
4
Suppose 18 + 18 = 4*m. Let f = m - 5. Suppose -f*t = 3*s + t - 151, 5*s = -5*t + 235. What is the greatest common divisor of s and 28?
14
Let q = -6 - -9. Let a be 4 + (0/(-3))/q. Suppose 0 = a*d + 3 - 163. Calculate the greatest common divisor of 20 and d.
20
Let b(i) = -3*i**2 + 2. Let j(c) = -16*c**2 + c + 10. Let r(n) = -11*b(n) + 2*j(n). Let k be r(-5). What is the greatest common factor of k and 13?
13
Let v be (-71)/5 + (-1)/(-5). Let q = v - -53. Calculate the greatest common divisor of q and 26.
13
Let w = 40 - 21. Let k(o) = o. Let h be k(2). Suppose h*i + 5*p - w - 40 = 0, -i + 28 = p. What is the highest common factor of i and 9?
9
Let j = 105 - -3. Calculate the greatest common divisor of j and 12.
12
Suppose -h + 20 = -0*h. Calculate the highest common factor of 220 and h.
20
Let p be 2 - (0 + -42) - 4. What is the greatest common factor of 16 and p?
8
Let j(x) = -4*x + 55. Let l be j(12). What is the greatest common factor of 35 and l?
7
Suppose -5*t + 83 = -4*k - 209, t + 4*k - 44 = 0. Calculate the highest common factor of t and 14.
14
Let x(o) = -o**3 - 22*o**2 - 24*o - 57. Let c be x(-21). Let d = 4 + -1. What is the greatest common factor of c and d?
3
Let t(d) = d**3 + 12*d**2 - 17*d - 17. Let j be t(-13). What is the greatest common divisor of 385 and j?
35
Let p = 205 + -86. Suppose -3*j - p = -5*b, 3*j = -b - 4*b + 101. What is the greatest common factor of 55 and b?
11
Suppose 4*v + 175 = -5*i, 5*v + 122 = 2*i - 105. Let t = v + 95. What is the highest common divisor of t and 10?
10
Suppose 4*u - 6*u - 56 = 0. Let t be 12/21 + (-768)/u. Calculate the highest common divisor of 14 and t.
14
Let k be -1*252 - (6 + -2). Let y = -157 - k. Calculate the greatest common divisor of y and 11.
11
Let m(j) = -j**2 + 19*j - 2. Let z be (35/21)/(1/6). Let n be m(z). Calculate the highest common divisor of n and 8.
8
Suppose -89 = -2*y - 17. Suppose 0*p = -2*p + y. Let x(c) = c**3 + c**2 - c + 54. Let d be x(0). Calculate the highest common factor of p and d.
18
Let j(q) = 108*q**2 - 2*q + 2. Let u be j(1). What is the highest common divisor of 36 and u?
36
Suppose 45 = 5*d - 0*d. Let i be 1/(2 + 0)*6. Suppose i*o - 2*o = 6. Calculate the highest common factor of o and d.
3
Let n be (-68)/6*(-6)/4. Suppose 12*j - 510 = 7*j. What is the highest common factor of n and j?
17
Let h(n) be the second derivative of n**4/12 + n**2 + 2*n. Let l be h(4). Calculate the highest common factor of l and 126.
18
Let x be 1/(2/(-64)*2). Let w = -1 - x. What is the greatest common factor of w and 6?
3
Let l(f) = 18*f**2 - f. Let x be l(1). What is the highest common divisor of 119 and x?
17
Let w be 0 + 2*(1 + 0). Let j be 4/(3 - 1) + -4. Let o(k) = -k**3 - 3*k**2 - 4*k - 2. Let b be o(j). Calculate the greatest common factor of w and b.
2
Suppose -2*l = 4*l - 1056. Calculate the greatest common factor of l and 16.
16
Suppose 3*k = -k + 28. Suppose -k*q + 2*q + 60 = 0. What is the greatest common factor of 4 and q?
4
Let o(h) = h - 16. Let u be o(9). Let m(x) be the second derivative of -x**3/2 - 7*x**2/2 - x. Let w be m(u). Calculate the greatest common divisor of 70 and w.
14
Let f = 63 + -23. What is the greatest common divisor of f and 10?
10
Let s be (3 + 15/(-6))*46. Let k = 26 - s. Let l(q) = q + 6. Let m be l(-4). Calculate the greatest common factor of k and m.
1
Suppose -2*k + 146 = -2*o, 0*o + 3*o + 3 = 0. Calculate the greatest common factor of 18 and k.
18
Let k = -199 + 127. Let f = k - -117. What is the greatest common factor of 5 and f?
5
Let g be (-9)/(-2)*480/45. What is the highest common factor of g and 6?
6
Let w = 87 + -33. Suppose z - 3 = -2*s + 8, -4*s + 23 = 3*z. Suppose -g - s*h = g + 3, 0 = -g - 4*h - 6. What is the highest common divisor of w and g?
6
Let j = -96 - -105. Suppose -5*o + 72 = -o. What is the greatest common factor of o and j?
9
Let h(a) = -a + 2. Let k be h(-5). Suppose -5*t - 11 = 5*x - 46, -t = 2. Let v be x/(1 - -2) + 4. Calculate the greatest common factor of v and k.
7
Suppose 0 = -7*r - 0*r + 70. What is the highest common factor of 80 and r?
10
Let u = 1 + 4. Suppose -z = y - 1, -u*z + 2 = -4*y + 51. Let n be 2/(-4) - 196/(-8). Calculate the greatest common divisor of n and y.
6
Let w be (-14)/(-3) - (-2)/(-3). Suppose -14*o + 193 - 25 = 0. What is the highest common factor of w and o?
4
Let k = 42 + 923. Suppose 5*h = 5*a - k, -4*h + 2*h = a - 187. Let m = -86 + a. What is the highest common factor of 15 and m?
15
Let b(n) = 2*n**2 + 3*n. Let s be b(-2). Let x = 2 - -1. Suppose 4*w - 61 = -x*u - 0*u, -2*w + 30 = 2*u. What is the highest common factor of s and w?
2
Let v(h) = 5*h**3 + 3*h**2 - 2*h - 1. Let n be v(2). What is the highest common divisor of n and 47?
47
Suppose -172 = -2*k - 4*m, -2*k - 2*m + 3*m = -167. What is the highest common factor of 24 and k?
12
Let z = 58 - 25. Let g(x) = x**2 + x. Let u be g(-1). Let f = 3 + u. What is the highest common divisor of f and z?
3
Let l = -84 - -86. What is the highest common factor of 3 and l?
1
Let u(c) = -c**3 - 10*c**2 - 3*c + 2. Let k be u(-9). Let i = -31 - k. Calculate the highest common factor of i and 3.
3
Let n be 4/(-16) + 554/8. Let l = n - 4. What is the greatest common divisor of l and 13?
13
Let r = 76 - 51. What is the greatest common divisor of r and 5?
5
Let z = 1 + 54. Suppose 3*b + 15 = 6*b. Calculate the highest common divisor of b and z.
5
Suppose -112 = -23*f + 19*f. Calculate the highest common divisor of f and 8.
4
Suppose 5*c - 999 + 124 = 0. Calculate the highest common factor of 25 and c.
25
Let m be (2 - 2)/(-7 - -4). Let b(v) = v**2 - 2*v + 4. Let p be b(m). What is the greatest common factor of 6 and p?
2
Let a = 12 - 2. Suppose -197 = -5*k + 203. What is the greatest common divisor of k and a?
10
Let v = 0 - -10. Suppose 0 = -y - 0*y + 20. What is the highest common factor of y and v?
10
Let x = -38 - -54. What is the greatest common factor of 80 and x?
16
Let d be (4 - (4 + -22)) + -1. Calculate the greatest common divisor of d and 7.
7
Let g = -24 - -88. Suppose 19 = 3*o - 245. Suppose -2*k = 0, -5*q + 3*k - 8 + o = 0. Calculate the highest common factor of q and g.
16
Let u = -11 - -21. What is the greatest common factor of 70 and u?
10
Let h(m) = 4*m - 11. Let u be h(6). Calculate the greatest common factor of 52 and u.
13
Suppose -5*t + 40 = -5*j, 0 = 8*j - 4*j - 2*t +